901, 0 = -2*b - 2*l + 904. What are the prime factors of b?
11, 41
Let y be (-285)/(-55) - 1/((-33)/(-6)). Suppose -3*x + 45 = 3*r, 82 + 23 = y*x - r. Suppose -6*j + j + 336 = 2*c, 5*j - x = 0. List the prime factors of c.
2, 79
Let g = -235 + 228. What are the prime factors of -62*(g/(-14) + -6)?
11, 31
Let m = 69882 - 2281. List the prime factors of m.
67601
Let y = 13677 - 4511. What are the prime factors of y?
2, 4583
Suppose 0 = 2*r - t - 40, -3*t + 39 = 2*r - 9. Let j be (-4)/(-3) + 140/r. Suppose k - j = -4*s, k - 7 = -s + 2*k. What are the prime factors of s?
3
Suppose -5*a - 25 = -3*v, -3*v + 17 = 16*a - 17*a. Suppose -4*o + 381 + 899 = v*k, -768 = -3*k - o. What are the prime factors of k?
2
Suppose 0 = -4*h + 2*j + 14, h - 6 + 1 = j. Let k be (-121)/(-33) - 2/(-6). Suppose -h*r - 3*r = k*q - 1040, -2*q = 2*r - 416. List the prime factors of r.
2, 13
List the prime factors of (-97122*((-5)/10 - -1))/((-51)/34).
2, 16187
Let b(n) = -n**3 - 5*n**2 - 3*n + 11. Let i(g) = 3*g + 16. Suppose -33 = 4*f + 5*d, -4*f - 3*d = -7*d + 24. Let w be i(f). List the prime factors of b(w).
2, 13
Let f = 10804 + 23334. What are the prime factors of f?
2, 13, 101
Let p(z) = 1794*z + 63. Let g be p(2). Suppose -5 = 5*t, 3*d - g = -2*t + 5*t. List the prime factors of d.
2, 19
Let l(q) = 34*q**2 - 21*q - 61. Let r(p) = 2*p**2 - 43*p + 16. Let i be r(21). List the prime factors of l(i).
2, 3, 149
Suppose 151*b = 2*b + 1723334. What are the prime factors of b?
2, 5783
Let r(l) = 33729*l + 32. What are the prime factors of r(1)?
7, 13, 53
Let c(d) be the third derivative of d**5/60 - d**4/12 - 7*d**3/3 - 24*d**2. Let q be c(6). Suppose 264 = q*t - 6*t. What are the prime factors of t?
2, 3, 11
Let p be (-30)/(-9)*(-15)/(-5). Let r(d) = 8*d - 11. Let n be r(p). Let l = -23 + n. What are the prime factors of l?
2, 23
Suppose y - 4*l - 17 = 0, 7 + 25 = 4*y - 4*l. Suppose 14*q = 19*q + 4*h - 1504, -1532 = -y*q + 3*h. What are the prime factors of q?
2, 19
Suppose 0*c + 318 = 2*a + 4*c, 2*c = -2. Suppose 2*p - a = x, -5*p - 8*x + 11*x = -405. List the prime factors of p.
2, 3, 13
Let m = 7 + -4. Suppose -2*j + 13 = m*f - 8, -2*f + 18 = 2*j. Suppose 1075 = j*o - 509. What are the prime factors of o?
2, 3, 11
Let z be (-24)/48*(0 + -6). Suppose 0 = -z*k + 3, i + 2*k = 2*i. Suppose 3*p - y - 28 - 2 = 0, p - i*y = 10. List the prime factors of p.
2, 5
Let c be (4 - 5) + 3 + -11. Let n(d) = -d**3 - 10*d**2 - 6*d + 1. Let m be n(c). Let a = m + 86. What are the prime factors of a?
2, 3, 5
Let a be (11 - 11)/(0 + 1). Suppose 0 = -a*l + 3*l + 123. Let w = 34 - l. List the prime factors of w.
3, 5
Let h(g) = -g - 17. Let y be h(-22). Suppose 0 = -3*m - 5*o - 25, 4*m + 57 - 22 = -y*o. List the prime factors of -1 + 670/7 - m/35.
5, 19
Let t(z) = 26*z**2 + 41*z + 6. Let q be t(-4). Let k = q + -129. What are the prime factors of k?
3, 43
Let o be (-180)/(-42) + 6/(-21). Suppose 3*u - 3*w - 660 = 0, 4*u - o*w - 875 = -w. Suppose -581 = -5*q + 2*t, 2*q + 4*t = -t + u. List the prime factors of q.
5, 23
Let g(r) = -r**2 - 12*r + 11. Let y be g(-13). Suppose -l = -1, -3*k + 0*l + 25 = l. List the prime factors of 572/k - (-1)/y.
71
Let i(b) = b**3 - 6*b**2 - 5*b - 10. Let m be i(7). Suppose m*t - 3*a = -6, -t + a + 4 = 5. List the prime factors of 2 + ((-60)/14)/(t/21).
2
Suppose 106*d = 30*d. Let z(y) = -52 + 51 + 126 + 3*y - y**2. List the prime factors of z(d).
5
Suppose 9*v - 49 = -4. Suppose 5*b - 1019 = -v*w + 2*w, 0 = 5*w - 15. List the prime factors of b.
2, 101
Let o = 805 - 637. Let y(q) = 3*q - 2. Let h be y(2). What are the prime factors of 186/h*o/63?
2, 31
Suppose -3*g + 68779 = 5*d, 14*d + 3 = 11*d. List the prime factors of g.
2, 1433
Suppose -z - 3*v + 1575 = 0, -5*v = -91 + 106. List the prime factors of z.
2, 3, 11
Let y = 6793 + 12293. List the prime factors of y.
2, 3, 3181
Suppose 19 = -5*n + 34. Suppose -11 = n*c - 2. Let j(l) = 2*l**3 + 6*l**2 - 5*l - 4. What are the prime factors of j(c)?
11
Let l = -113 + 113. Suppose -3*c + t + 1063 = l, -29*c + 34*c + 2*t - 1779 = 0. List the prime factors of c.
5, 71
Let b = -48 + 50. Suppose -494 = -2*l - b*w, -3*l + 5*w - 231 = -948. Let y = l - 123. What are the prime factors of y?
11
Let x = 447 + 37. List the prime factors of x + -1 - 9/(-3).
2, 3
Let x(b) be the second derivative of -b**4/12 + 11*b**3/6 - 12*b**2 - 14*b. Let n be x(7). List the prime factors of -4 + n - -2 - -82.
2, 3, 7
What are the prime factors of (18390/24)/(10/96)?
2, 3, 613
Let f(z) = 9*z + 139. Let h be f(-16). What are the prime factors of (18590/39)/(h/(-15))?
2, 5, 11, 13
Suppose 0*d + 4*j + 160 = 4*d, 3*j + 48 = d. Let k = d - 20. List the prime factors of ((-31)/(-4))/(k/128).
2, 31
Let h(f) = 2*f + 24. Let p be -2 + -5 + 0*(-3)/6. Let u be h(p). Suppose z - 12 + u = 0. What are the prime factors of z?
2
Let l(o) = 43*o - 42. Let z(c) = 89*c - 83. Let x(y) = -9*l(y) + 4*z(y). What are the prime factors of x(-21)?
17, 41
Let m = 258 - 255. Suppose -3*s - 5*g + 1291 = -m*g, -2*g - 425 = -s. List the prime factors of s.
3, 11, 13
Let o(k) be the first derivative of k**4/4 + 20*k**3/3 - 9*k**2/2 + 138*k + 2. What are the prime factors of o(-19)?
2, 5, 67
Suppose -31*n + 5*n = 104. Let t(a) = -8*a**3 - 2*a**2 + 2*a + 15. List the prime factors of t(n).
487
Suppose -x = 4, -k + 5*x + 48 - 24 = 0. Suppose -3*y + 5*y - 830 = -k*j, 415 = y + 4*j. List the prime factors of y.
5, 83
Suppose 0 = -0*v + v - 5*h + 31, 21 = -v + 3*h. Let s be (-1678)/v + 11/33. Suppose 8*l - s = 3*l. What are the prime factors of l?
2, 7
Let c = 124 - 118. Suppose 0 = -4*n - 11*u + c*u + 2967, 4*u = -3*n + 2225. List the prime factors of n.
743
Let a(x) = 23*x**2 - 2. Let o be a(1). Suppose -225 = -o*b + 6*b. What are the prime factors of (-47)/((-65)/b + 4)?
3, 47
List the prime factors of -2 - (-6914 + (-1)/((-10)/12 - -1)).
2, 3, 1153
Let p = 1528 + -160. Suppose -8*x + p = 4*x. List the prime factors of x.
2, 3, 19
List the prime factors of 170662/10 - 309/1545.
2, 7, 23, 53
Let r = 491 + -229. Suppose -z = z, -2*z = -j + r. List the prime factors of j.
2, 131
Suppose -4*s + l + 762 = -4*l, 3*l + 573 = 3*s. Suppose 0*g + 4*m - 58 = -g, -3*m + s = 4*g. What are the prime factors of g?
2, 23
Let x(b) = 14*b + 455. Let a be x(0). Let o = -273 + a. What are the prime factors of o?
2, 7, 13
Let j(q) = -q**3 - 13*q**2 - 20*q + 2. Let b be j(-11). Let c be 1168/5 + b/(-50). Suppose 506 = 5*g - 2*s, c = 3*g + s - 63. What are the prime factors of g?
2, 5
Suppose -208*k = 1731221 - 9341733. What are the prime factors of k?
7, 5227
Let v be 3*(1 + 0 + 4/12). Let x be 1*v + (-4 - -4). List the prime factors of ((x/(-4))/((-1)/166))/2.
83
Suppose 2*c = 2*l - 28, -44 - 11 = -5*l + 2*c. Suppose -15 = -2*j + l. Suppose 16*z = j*z + 16. What are the prime factors of z?
2
Let g(z) = 2*z**2 - 14*z + 9. Let x be g(6). What are the prime factors of 80 + 3 + -4 + x?
2, 19
Let y(n) = -n**3 + 21*n**2 - 24*n + 82. Let x be y(20). Suppose w + 1155 = 3*v + 5*w, v = x*w + 375. List the prime factors of v.
3, 127
Let k(c) = 11*c**2 - 11*c - 37. Let g be k(-3). Suppose -y = 3*h - 104, 2*h = -4*y + g + 341. List the prime factors of y.
2, 5, 11
Suppose 4*n - 4871 = 46975 + 7798. What are the prime factors of n?
13, 31, 37
Let q be (102/18 - 5) + 8/6. Let j be 385/20 - (18/8 - q). Suppose -24*a + 665 = -j*a. What are the prime factors of a?
7, 19
Let s(n) = -33*n**2 + 10*n + 14. Let p(a) = -a - 1. Let h(l) = -5*p(l) - s(l). List the prime factors of h(-4).
7, 11
Let x(o) = 8966*o**2 + 52*o + 52. List the prime factors of x(-1).
2, 4483
Suppose -3*h = -9 - 0. Let p(t) = 14*t - 5 - 8*t + 0 - 8*t**2 - t**3 + h*t**2. What are the prime factors of p(-8)?
139
Let c be (8/(-5))/(0 - (-12)/30). Let w(o) = -233*o + 1. List the prime factors of w(c).
3, 311
Let c be 13/(-91) - 14376/14. Let m = c + 1532. List the prime factors of m.
5, 101
Suppose 11*t - 9 = 13. Suppose 6*z = 5*z + 3*o + 91, -438 = -5*z - t*o. List the prime factors of z.
2, 11
List the prime factors of (-148642)/39*15/(-10).
5717
Suppose 4*k + 0*m = -3*m - 48, 4*m = -16. Let i be 3 + (3 + -2)*(26 + k). Suppose 0 = -3*g + w + 118, w - 54 + i = -g. What are the prime factors of g?
2, 19
Let q(l) = -5 + 28*l + 39 + 20. List the p